LIVE SW SKYCAM |
Latitude 40.85 N Longitude 124.05 W Elev 213 ft (65 m) Follow Us ★ add to favorites f add to facebook |
||
CURRENT▶ TEMP HUM WIND BARO | SINCE MIDNIGHT▶ MAX MIN RAIN | ||
OBSERVATIONS
CURRENT CONDITIONS HOURLY OBSERVATIONS Agricultural Obs APRS ▶ Wunderground ▶ Data QC ▶ Station Status CLIMATE Month This•Last Year This•Last LIGHTNING Raw Strikes 🚧 Processed Strikes 🚧 Regional Strikes Blitzortung Lightning SEISMO DATA Local Page IRIS Events ▶ Area Quakes Regional Quakes Nat'l Tsunami Warn Ctr ▶ STATION INFO Contact Us What's New? Google™ Map ▶ About the Area Description 🚧 Pictures 🚧 Credits 🚧 OTHER WX LINKS Other Wx Stations 🚧 Hobbyist Resource NWS Eureka ▶ wxforum.net ▶ DuPage Wx Lab ▶ N Coast Air Quality ▶ NEW! ASTRONOMY LINKS Local Page 🚧 Clear Sky Chart ▶ Eclipses•Seasons ▶ AstroHum.org ▶ SETI@Home ▶ Sat Sighting Info ▶ SWPC Aurora Forecast
▶ External link
🚧 Under construction |
Arcata Weather Observatory : Text - Current Year Climate SummaryANNUAL CLIMATOLOGICAL SUMMARY NAME: Arcata Weather Observatory CITY: Arcata STATE: CA ELEV: 213 ft LAT: 40.85 LONG: -124.05 TEMPERATURE (°F), HEAT BASE 65.0, COOL BASE 65.0 DEP. HEAT COOL MEAN MEAN FROM DEG DEG MAX MAX MIN MIN YR MO MAX MIN MEAN NORM DAYS DAYS HI DATE LOW DATE >=90 <=32 <=32 <=0 ------------------------------------------------------------------------------------ 23 1 56.2 40.2 48.2 0.0 521 0 68.3 12 29.2 30 0 0 1 0 23 2 52.8 36.5 44.6 0.0 571 0 66.5 2 29.0 15 0 0 3 0 23 3 52.8 37.8 45.3 0.0 611 0 64.8 12 30.2 1 0 0 2 0 23 4 57.9 41.9 49.9 0.0 454 0 70.1 27 32.7 4 0 0 0 0 23 5 60.4 48.8 54.6 0.0 322 0 74.3 14 42.5 7 0 0 0 0 23 6 62.8 49.6 56.2 0.0 263 0 72.9 16 44.0 20 0 0 0 0 23 7 68.0 53.8 60.9 0.0 128 0 73.0 25 49.2 3 0 0 0 0 23 8 70.9 56.6 63.7 0.0 38 9 79.4 15 52.3 14 0 0 0 0 23 9 67.9 52.6 60.2 0.0 143 0 74.8 14 44.0 21 0 0 0 0 23 10 69.1 50.8 59.9 0.0 51 6 81.4 5 44.2 1 0 0 0 0 23 11 23 12 ------------------------------------------------------------------------------------ 61.1 46.3 53.7 0.0 3103 15 81.4 OCT 29.0 FEB 0 0 6 0 PRECIPITATION (in) DEP. MAX DAYS OF RAIN FROM OBS. OVER YR MO TOTAL NORM DAY DATE .01 .1 1 --------------------------------------------- 23 1 6.55 0.00 1.07 13 16 11 1 23 2 5.81 0.00 1.07 27 12 11 1 23 3 8.44 0.00 1.16 13 22 15 1 23 4 3.08 0.00 1.23 10 15 7 1 23 5 1.18 0.00 0.28 8 8 4 0 23 6 0.23 0.00 0.15 19 3 1 0 23 7 0.03 0.00 0.02 8 1 0 0 23 8 0.04 0.00 0.02 31 1 0 0 23 9 2.48 0.00 1.83 25 7 4 1 23 10 0.05 0.00 0.03 8 1 0 0 23 11 23 12 --------------------------------------------- 27.89 0.00 1.83 SEP 86 53 5 WIND SPEED (mph) DOM YR MO AVG. HI DATE DIR --------------------------------- 23 1 1.0 44.0 4 SE 23 2 0.5 29.0 2 SE 23 3 0.7 34.0 9 SE 23 4 0.7 23.0 12 WNW 23 5 0.5 18.0 23 WNW 23 6 0.5 17.0 19 WNW 23 7 0.6 14.0 9 W 23 8 0.4 15.0 30 W 23 9 0.4 19.0 20 W 23 10 0.2 13.0 1 W 23 11 23 12 --------------------------------- 0.6 44.0 JAN WNW |
NWS FORECAST Arcata Point Forecast Forecast Discussion GraphiCast MARINE WEATHER NWS Forecast Tides N Spit•Samoa RADAR & SATELLITE Radar BHX•PNW•PSW•US Satellite Loop OTHER WX DATA Area APRS ▶ Area Mesonet ▶ SkewT MFR•REV•OAK Area Rainfall ▶ Arcata Profiler ▶ SURFACE MAPS Fronts•Radar•Sat Pacific NW Map w/ Obs MODEL DATA MOS NAM•GFS•GFSX NAM Meteogram NAM Time Series RAP Meteogram GFS Meteogram ▶ PSU e-WALL ▶ SEVERE WEATHER Severe Page Day 1 Text•Map Day 2 Text•Map Day 3 Text•Map % tornado•hail•rain•ltg US Current Watches US Warning Map US Storm Reps TROPICAL WEATHER Tropical Page 🚧 NHC Outlook Advisory 1•2•3•4•5 NHC Webpage ▶ OTHER LINKS Davis Instruments ▶ Boltek Lightning ▶ Astrogenic ▶
Hosted by arvixe.com
©2015-2021 Carroll Industries |
|
Webmaster Scott Carroll | APRS EW6225 | WxUnderground KCAARCAT7 | CoCoRaHS CA-HM-54 | StrikeStar ARC | Seismo NWCA |